*l = l - 2*v + x. What is the tens digit of l?
1
Let u(l) = l**3 + 8*l**2 - 10*l - 5. Let j be u(-9). Let q(v) = 5*v**2 - 4*v + 15. What is the units digit of q(j)?
9
Let t be (66/(-8))/(2/96). Let l = -189 - t. What is the units digit of l?
7
Let w(t) = -63*t**3 - 2*t**2 - 3*t - 1. Suppose 5*g = j + 4*j - 5, -3*j + 1 = -2*g. What is the tens digit of w(j)?
6
Suppose -2*w - 5*i = -580, 4*i - 1184 = -75*w + 71*w. What is the hundreds digit of w?
3
Let r(t) = 72*t - 11. Let f be r(-7). What is the units digit of -1 + 4 - -3*f/(-15)?
6
Suppose -52*a - 1170 = -54*a. What is the units digit of ((-1)/(-1 - -2))/((-3)/a)?
5
Suppose 3*f + 756 = 108. Let s = 302 + f. What is the units digit of s?
6
Suppose -4*h = -y + 12, y - 5*y + 3*h + 22 = 0. Suppose 0 = y*j - 0*j - 2*q - 334, -3*j + 3*q = -243. What is the tens digit of j?
8
Let f(z) = -z**2 + 8*z + 1. Let w be f(9). Let v(c) = -10*c - 1. What is the units digit of v(w)?
9
Suppose -5*o = k - 15, -2*o - 4*k + 7*k = -6. Let s be (-788)/(-8) - o/(-6). Suppose 0 = -0*u - 4*u + 5*n + s, -2*u = -5*n - 57. What is the units digit of u?
1
Let p = 390 - -67. What is the units digit of p?
7
Let q = -55 + 27. Let s = 22 + q. What is the units digit of (462/35)/(s/(-20))?
4
Let u = -815 + 1364. What is the units digit of u?
9
Suppose 237 = -5*c - 2*y + 1795, 4*c - 1245 = -3*y. What is the units digit of c?
2
Suppose 4*x = 2*i - 0*i + 30, -3*x + 2*i + 21 = 0. Suppose x*w + 30 = 120. What is the units digit of w?
0
Let u(q) = 13*q - 13. Let t(z) = 3*z**2 + 2*z. Let o be t(-3). Let l = o - 16. What is the units digit of u(l)?
2
Suppose -1449*m - 2025 = -1458*m. What is the tens digit of m?
2
What is the thousands digit of (-1132)/(50/15 - (-1 + 5))?
1
Suppose 7*p - 2*p - 150 = 0. Let n be (24/(-20))/((-9)/p). Suppose -s - 11 = n*z, 2*s + z - 1 = s. What is the units digit of s?
5
Suppose 3*u + 44 = 4*t - 43, t - 4*u - 38 = 0. Let r = t + -18. Suppose 4*c - 320 = -r*c - 2*w, 2*w = 5*c - 409. What is the tens digit of c?
8
Let t(k) = 151*k**2 + 17*k + 2. What is the tens digit of t(-6)?
3
Suppose 0 = 2*a + 5*m - 85, 37 = 2*a + 3*m - 54. Let v = -3 + a. What is the units digit of v?
7
Let j = 2438 + 3024. What is the tens digit of j?
6
Let l(h) = 475*h**3 + 2*h**2 - 2*h. What is the units digit of l(1)?
5
Let u = 17 - 13. Suppose u*n - 5 = 3*n. Suppose -2*q + 66 = 2*r, 3*q - 134 = -n*r - 27. What is the tens digit of q?
2
What is the hundreds digit of 1074/4*(7 + -5)?
5
Let j(s) = -s**2 - 13*s - 11. Let t be j(-10). Suppose -t*n = -17*n - 106. What is the units digit of n?
3
Let z = -7 - -43. What is the units digit of ((225/(-4))/(-3))/(9/z)?
5
Suppose -5*t + 6 = -4*t. Let c(a) = -a**3 + 7*a**2 - 5*a + 1. What is the units digit of c(t)?
7
What is the tens digit of ((-6)/(-42))/((-12)/(-42))*466?
3
Let x be (2 - 120)/(1 + -3). Let y = -19 + x. Let g = y - -4. What is the units digit of g?
4
Let m = 1665 + -522. What is the thousands digit of m?
1
Let d(i) be the first derivative of -i**4/4 - 5*i**3/3 - 5*i**2/2 - 5*i - 179. Let c be -2*((-3)/(-2) - -1). What is the tens digit of d(c)?
2
What is the tens digit of 5 + 4025 - (-3 + (-6 - -6))?
3
Let m = 32 - 32. Suppose m = 8*l - 4*l - 40. What is the tens digit of l?
1
Suppose 5*r = -8*r - 585. Let n = 140 + r. What is the units digit of n?
5
Let c be -1 + (-3)/(6/(-538)). Suppose -y + 5*d = -67, -d - c = -4*y + 2*d. What is the units digit of y?
7
Let m = -7 + 21. Suppose 2*x - m = -4*t, -5*t + 0 = 2*x - 18. Suppose -2*a + 5*a - 3*j = 72, 0 = -t*a + j + 96. What is the units digit of a?
4
Suppose y - 6 = 94. Suppose 3*j - y = 2*j. What is the hundreds digit of j?
1
Suppose 37*n = 640 + 4170. What is the hundreds digit of n?
1
Suppose 3*l = 2*g + 1872, -32*l - g - 1248 = -34*l. What is the tens digit of l?
2
Let o(j) = -13*j + 5. Let g be o(-6). Suppose 3*z - 2*i - 124 = g, 2*i = -4*z + 262. What is the units digit of z?
7
Let x(b) = 6 + 0*b**2 + 3*b**3 - 5 - 2*b**3 - b**2. Let n be x(2). Suppose n*z - 2*m = 147, 2*z + 2*m + 2*m = 78. What is the units digit of z?
1
Let a(u) be the third derivative of u**5/60 - u**4/6 + 2*u**3/3 + 2*u**2. Let t be a(4). What is the tens digit of 68/32*2*t?
1
Let g(i) = -11*i + 1 + i**3 + 10 - 13*i**2 + 5*i**2. What is the hundreds digit of g(10)?
1
What is the thousands digit of ((-770)/(-110))/(2/794)?
2
Let m = 53 + -33. Suppose -m = 4*l, -5*a + 355 = 3*l - 105. What is the tens digit of a?
9
Let t(p) = 2*p**2 + 3*p - 15. Suppose 0 = 2*s + 11 + 3. What is the units digit of t(s)?
2
Let m = 71 - 55. Let i(g) = g**2 - g. Let y be i(-3). Suppose -m*c + 172 = -y*c. What is the units digit of c?
3
Let s(y) = 2*y**2 + y - 1. Let r be s(-2). Suppose r*c = 3*t - 181, t = 6*t + c - 339. What is the tens digit of t?
6
Let l = -442 - -1216. What is the units digit of l?
4
Let k(s) = s. Let x(g) be the second derivative of g**4/12 - 5*g**3/2 - 2*g**2 + 9*g. Let y be x(16). What is the units digit of k(y)?
2
Suppose -2744 = -3*c - 635. What is the units digit of c?
3
What is the hundreds digit of 968 + (-2 + 15 - 7)?
9
Let t(u) be the first derivative of 2*u**3/3 + 19*u**2/2 + 23*u + 16. What is the tens digit of t(-12)?
8
What is the tens digit of -4 - (-27)/7 - (-3599)/7?
1
Suppose -4*y = -2 - 2. Let q(x) = 25*x - 2. What is the tens digit of q(y)?
2
Let m = 804 - 426. What is the units digit of m?
8
Suppose -a + c = -4*c - 541, -5*a + 2757 = c. What is the hundreds digit of a?
5
Let d = 3827 - 2210. What is the units digit of d?
7
Suppose -5*v + 7 = -6*v. What is the tens digit of (-84)/v*(6 + -4)?
2
What is the tens digit of (6992/6)/4 - (-14)/(-42)?
9
Suppose 0 = -3*m + 8*m + 20. Let d be (m - 0)*(-3)/3. Suppose -2*b + 3*u + 60 = 0, 124 = 3*b + d*u - 0*u. What is the tens digit of b?
3
Suppose -n - 275 = -4*c - 2*n, 4*c - 279 = 3*n. Let d = c - -56. What is the hundreds digit of d?
1
Let b(d) = 74*d + 54. What is the tens digit of b(2)?
0
Suppose 8 = 5*x - 12. Suppose 5*r + 2*s - 188 = 182, 196 = 3*r - x*s. What is the tens digit of r?
7
Suppose 0 = -10*q + 16*q - 744. What is the hundreds digit of q?
1
Let k = 1773 - 561. What is the thousands digit of k?
1
Suppose -17*q + 1020 + 2397 = 0. Let p = q + -102. What is the tens digit of p?
9
Suppose -2*y + 3*y + 5 = -q, 2*q = -4*y - 14. What is the tens digit of (-13)/1*y - 3?
2
Suppose 3*p = -2*p. Suppose -42 = -l + o, 5*l - 4*o = -p*o + 206. What is the units digit of l?
8
Let k(f) = -651*f + 3. What is the thousands digit of k(-2)?
1
What is the tens digit of 130/(-6)*3/(-5)?
1
Let b be (-30)/(-2)*(-12 - -11). Let n = b - -20. Suppose -n*g - 2*l = -297, 4*l + 0*l - 181 = -3*g. What is the tens digit of g?
5
Suppose -2*t - 3*s + 590 = 0, 4*t - 588 = 2*t - 2*s. What is the units digit of t?
2
Let m = 9411 + -4882. What is the units digit of m?
9
Suppose 0 = -6*i + 4*i + 8. Suppose 0 = -i*j - 4*u - 928, -j - 485 = j - 5*u. What is the tens digit of j/(-6) + 2/(-12)?
3
Suppose -5*f - 108 = f. Let r = -12 + -18. Let x = f - r. What is the units digit of x?
2
Let v be 6*(-6 - -9)*2/2. Suppose v*u + 220 = 23*u. What is the units digit of u?
4
Suppose 0 = 4*z - 8, 5*j - 614 = 4*z - 6*z. What is the hundreds digit of j?
1
Suppose -3*r = -r + 24. Suppose -3*s + 55 = -2*m, s - 14 - 10 = -5*m. Let h = r + s. What is the units digit of h?
7
Let u be (0 + -2 + 3)*-5. Let x(p) = 8*p - 1. Let t be x(-1). What is the units digit of (t - u) + (-1 - -32)?
7
What is the units digit of (790 + 1)*(-9 - 110/(-10))?
2
Let b = 118 - -158. What is the units digit of (1/(-3))/(-1 - (-274)/b)?
6
Let k(o) = o**2 + 2*o - 7. Suppose 5*s - 13 = -3*r, r - 3 = -2*r - 3*s. What is the units digit of k(r)?
1
Let p = 27 - 25. What is the units digit of p/9 + 340/9?
8
What is the units digit of (-2745)/(-3) + (-5 - (-5 - 1))?
6
Let t = -116 - -220. What is the tens digit of t?
0
Let u(g) = -160*g**3 + 5*g**2 - 25*g - 80. What is the units digit of u(-3)?
0
Suppose -14 = -2*f - 0*f. Suppose 4 = -3*o + f. What is the tens digit of o/4 + 402/24?
1
Suppose -4*a + 1668 - 108 = 4*j, 5*j - a - 1938 = 0. What is the tens digit of j?
8
Let m(s) = -4 + 0*s**2 - s**3 + 0*s**2 - 5 - 12*s**2 + 2*s. What is the tens digit of m(-13)?
3
Let v(w) be the third derivative of 0 - 1/24*w**4 + 4*w**2 + 0*w - 1/6*w**3. What is the units digit o